/(-6) + t/33?
2, 11
Suppose y = -4*c + 828, 3*y + 5*c = -1004 + 3453. List the prime factors of y.
2, 101
Let f = -329 + 539. Suppose 0 = -2*i - 3*i + f. What are the prime factors of i?
2, 3, 7
Let z be (-6)/(-2)*(-1 - -2). Suppose l - z*l = -64. List the prime factors of l.
2
Let m(i) = -7 - 2*i - i**3 + 10 - 18 + 3*i. What are the prime factors of m(-5)?
3, 5, 7
Let n = -187 + 123. Let g be (n/(-48))/(4/6). Suppose -2*o - 3 = g*w - 19, 8 = -4*w. List the prime factors of o.
2, 5
Suppose -2*m - 5*u + u + 2228 = 0, 0 = 4*m - 3*u - 4401. List the prime factors of m.
2, 3, 23
Let x = -2120 - -671. Let b = x + 2065. What are the prime factors of 4/(-10) + b/40?
3, 5
Suppose -7*f + 31*f - 15384 = 0. What are the prime factors of f?
641
Let c(g) be the second derivative of 1/6*g**3 - 2*g**2 - g - 1/20*g**5 + 1/12*g**4 + 0. List the prime factors of c(-3).
29
Suppose 29 = 4*j - 4*u + u, 5*u - 21 = -2*j. Suppose -o - n + 10 + j = 0, 2*o - 38 = -4*n. What are the prime factors of o?
17
Let s be (-4 - -4)/(-2) - -1. Suppose -41 - s = -k. What are the prime factors of k?
2, 3, 7
Let h = -113 + 159. Let p = -32 + h. Let c = p + 5. What are the prime factors of c?
19
Suppose -2*c + 567 = r, c = 3*c + 4*r - 564. What are the prime factors of c?
2, 71
List the prime factors of (-3360)/320*5/((-70)/3768).
2, 3, 157
Suppose 23499 + 111506 = 65*b. What are the prime factors of b?
31, 67
Suppose g + 504 = m + 3*m, 0 = -4*m + 4*g + 492. Let v = m - 103. List the prime factors of v.
2, 3
Let i(k) = 1. Let h(q) = q**2 + 13*q + 6. Let y(w) = -h(w) - i(w). Let d(z) = z**3 - 5*z**2 - 7*z - 6. Let m be d(6). What are the prime factors of y(m)?
5
Suppose 3*b - 4*u = -b - 32, 4*u - 4 = 0. Suppose -2*h + 4*y + 3 = -11, 4*h + 4*y - 76 = 0. Let q = h + b. What are the prime factors of q?
2
Suppose -3*l - 787 = -w + 2*l, 2*w - 1574 = -l. List the prime factors of w.
787
Let v(d) = d**3 + 8*d**2 - d - 5. Let n be v(-8). Suppose 73 = n*b - 5*r, 4*b - b - 55 = -4*r. What are the prime factors of b?
3, 7
Let x = -51 - -103. Suppose -4 = 4*z, -6*z = -2*o - 2*z + x. Let y = -7 + o. List the prime factors of y.
17
Let s be -1*1/2*-378. Let r = s - 117. Suppose 5*f + 2*a - 3*a - 120 = 0, r = 3*f - 4*a. List the prime factors of f.
2, 3
Suppose -v - 480 = -5423. List the prime factors of v.
4943
Let i(p) = p**3 - 8*p**2 + 9*p + 3. Let o(s) = s**3 + 6*s**2 + 6*s + 2. Let t be o(-5). Let u be t/9 - (-154)/21. What are the prime factors of i(u)?
17
List the prime factors of ((-8)/24 - 2/12)*-1774.
887
Let w be -5*9 + (-12)/3. Let b = w + 88. List the prime factors of b.
3, 13
Let g(z) = z**3 - 11*z**2 + 12*z - 17. Let v be g(10). What are the prime factors of -99*(0 - (0 + v/9))?
3, 11
Suppose 5*k - 1641 = 3*r, k + 3*k + 2*r - 1304 = 0. List the prime factors of k.
3, 109
Let j be 0/((-7)/((-14)/4)). Suppose j = 5*h + 118 + 107. List the prime factors of (-9)/h - (-558)/10.
2, 7
List the prime factors of (-3)/((-469)/154 - -3).
2, 3, 11
Let l be 9/(-3) - -3 - 96. Let z be (l/(-2))/4 - 0. Suppose 2*v + z = 4*v. What are the prime factors of v?
2, 3
Suppose 0 = -l + 2*k + 427, 4*k = 3*l - 1160 - 127. What are the prime factors of l?
433
Suppose a = -5*o - 100, o - 10 = -4*a - 49. Let b = o - -23. What are the prime factors of b?
2
List the prime factors of 2035 + (-14)/(70/15).
2, 127
Let m(i) be the first derivative of -i**4/4 - 4*i**3/3 - 2*i**2 - 3*i + 3. Let x be m(-3). Suppose x = s + 7 - 31. List the prime factors of s.
2, 3
List the prime factors of 4/(12/3831) + 6 + -5.
2, 3, 71
Let g(s) = -4*s - 9. Let w = 8 + -5. Let j be (8/(-3))/(1/w). What are the prime factors of g(j)?
23
Let t = 10560 - 4713. What are the prime factors of t?
3, 1949
Let g be (-3 + (-88)/(-12))*3. Let o(b) be the second derivative of b**3/6 + 11*b**2/2 + b. List the prime factors of o(g).
2, 3
Let d = -33 + 69. Suppose -2*t - d = -76. What are the prime factors of t?
2, 5
Let a = -196 + 422. Suppose 2*z - 2*q = a, -4*z - 437 = -8*z + q. What are the prime factors of z?
2, 3
Let d(c) = 12*c**2 + 3*c - 1. Let s be d(3). Suppose -s = -3*a - 17. Let p = -19 + a. List the prime factors of p.
2, 7
Suppose -35238 - 20791 = -43*p. What are the prime factors of p?
1303
Let w = -15 + 16. Suppose 2 + w = m. List the prime factors of (-34)/(-1) - (m - 0).
31
Let o be 5 - (-2 + 4 + 0). Suppose 0 = 4*z, -4*z = -o*c + 8*c - 285. List the prime factors of c.
3, 19
Let u = -11 - -18. Let k(l) = 6*l**2 + 55*l - 59. Let m(r) = -r**2 - 11*r + 12. Let n(d) = -2*k(d) - 11*m(d). List the prime factors of n(u).
2, 7
Let o(m) = -m**2 - 3*m + 35. Let j(s) = 2*s**2 + 6*s - 70. Let l(t) = -6*j(t) - 13*o(t). What are the prime factors of l(-11)?
53
Suppose -4*o + 222 = j - 4*j, -j + 268 = 5*o. Suppose -k = x + 2*k - o, -4*k = x - 58. What are the prime factors of x?
2, 3, 7
Suppose 0 = 3*f - f. Let o(t) = -t**3 - t - 3. Let i be o(f). List the prime factors of (-4*3)/(i/2).
2
Let g(d) = 3*d - 2. Let i be g(-4). Let x be -10 + 3 + 0 - (-5 + -1). What are the prime factors of -1 - i*(2 + x)?
13
Suppose -10*h + 15*h - 10010 = 3*m, 5*h = -5*m + 9970. What are the prime factors of h?
1999
Suppose -5*t = -2*t - 795. Let j = 407 - t. What are the prime factors of j?
2, 71
Let n = 18 - 12. Suppose -5*g = 5*f - n*g - 59, 23 = f - 3*g. List the prime factors of f.
11
Suppose 0 = -3*f, -6*f + f - 10 = -p. What are the prime factors of p?
2, 5
Let n(p) = 8*p + p - 12*p + 29. List the prime factors of n(0).
29
Let r(s) = 43*s**2 - 3*s - 1. Let j = 31 - 32. What are the prime factors of r(j)?
3, 5
Suppose 254 = 10*u - 2226. Let t = u + -147. List the prime factors of t.
101
Let u(t) = 37*t - 16. Let m = 20 + -16. Let j be u(m). Let a = -70 + j. List the prime factors of a.
2, 31
Let m = 3 + -3. Let b = 8 - 8. Suppose m = -w + 2*k + 19, -38 = -b*w - 2*w + 3*k. What are the prime factors of w?
19
Let b = -1 + 3. Suppose 0 = -5*f - m + 775 - 155, -4*f + 490 = b*m. List the prime factors of f.
5
Let g = 62 - 82. List the prime factors of g/(-8) - 2 - (-1191)/6.
199
Suppose 2*y - 91 = -5*c, 4*c + 3*y - 43 = 2*c. What are the prime factors of c?
17
Suppose -w - m = -315, -3*m = -m - 10. What are the prime factors of w?
2, 5, 31
Suppose 15*v - 3437 = 13978. List the prime factors of v.
3, 43
Let v(r) = -r + 24. Let a be v(12). Suppose -2*w = -5*w. Let f = a - w. What are the prime factors of f?
2, 3
Let j = 17 + 199. List the prime factors of j.
2, 3
Suppose -94*s + 34*s + 79800 = 0. List the prime factors of s.
2, 5, 7, 19
Let o = -46 + 48. Suppose 26 = 4*v + o*w, 5*v = 3*v + w + 7. List the prime factors of v.
5
Suppose 0 = 2*y + 2*y - 4, -y + 3 = 2*s. Let g be 64/(((-8)/(-12))/s). What are the prime factors of (-1)/(-2)*g/8?
2, 3
Let t = 25 - 4. Suppose t = 3*o + 6. Let i(u) = 7*u - 10. What are the prime factors of i(o)?
5
Suppose 5*w + 3*s = 7545, -43*w - 2*s - 4508 = -46*w. What are the prime factors of w?
2, 3, 251
Suppose 0 = 2*f - 232 - 150. Let s = f - 131. List the prime factors of s.
2, 3, 5
Let g(l) = 223*l**2 - 3*l - 5. What are the prime factors of g(-1)?
13, 17
Let v be (-1080)/132 + 2/11. Let z = v + 6. What are the prime factors of ((-2 - z) + -1)*-8?
2
Suppose 5*h - 5*d - 20 = 0, 0 = 3*h + 2*d - d - 12. Suppose -4*v + 53 = -c + 2*c, 3*c = -h*v + 47. What are the prime factors of v?
2, 7
Suppose 6*f = 851 + 223. Let q = 78 + f. List the prime factors of q.
257
Suppose 4*o - u + 19 - 58 = 0, o = u + 9. List the prime factors of o.
2, 5
Let b(n) = 10*n + 21. Let q be b(-6). Let o = -78 - q. List the prime factors of 26/o - 352/(-6).
2, 29
Let u(q) = q**3 - 28*q**2 - 75*q - 50. What are the prime factors of u(31)?
2, 127
Let k(d) be the third derivative of -d**6/120 + d**5/5 + d**4/12 - 25*d**3/6 - 35*d**2. List the prime factors of k(11).
2, 59
Suppose -5*t + 245 = 5. Suppose t = 6*q - 10*q. What are the prime factors of (-16)/q*(20 + -2)?
2, 3
List the prime factors of (-8)/10 + (-96978)/(-210).
461
What are the prime factors of (-7)/(28/12) - -428?
5, 17
Suppose -39*y - 34*y + 75263 = 0. List the prime factors of y.
1031
Suppose 0 = -4*v + m + 2*m + 18, -5*m - 13 = -v. Suppose 2*w + 15 = v*q - 7, 3*q - 4*w - 26 = 0. Suppose 34 + q = 5*o. What are the prime factors of o?
2
Let p be 5*(-2)/(-20)*0. Suppose -3*l + 3*q + 18 = 0, 3*l + 3